{"id":45,"date":"2024-04-20T14:30:24","date_gmt":"2024-04-20T12:30:24","guid":{"rendered":"http:\/\/carpe19.com\/?page_id=45"},"modified":"2025-12-15T10:38:51","modified_gmt":"2025-12-15T09:38:51","slug":"reglement-de-peche","status":"publish","type":"page","link":"https:\/\/carpe19.com\/index.php\/reglement-de-peche\/","title":{"rendered":"R\u00e8glement de P\u00eache"},"content":{"rendered":"\t\t<div data-elementor-type=\"wp-page\" data-elementor-id=\"45\" class=\"elementor elementor-45\">\n\t\t\t\t<div class=\"elementor-element elementor-element-3e2918fa e-flex e-con-boxed e-con e-parent\" data-id=\"3e2918fa\" data-element_type=\"container\" data-e-type=\"container\">\n\t\t\t\t\t<div class=\"e-con-inner\">\n\t\t\t\t<div class=\"elementor-element elementor-element-7c29f8bb elementor-widget elementor-widget-text-editor\" data-id=\"7c29f8bb\" data-element_type=\"widget\" data-e-type=\"widget\" data-widget_type=\"text-editor.default\">\n\t\t\t\t<div class=\"elementor-widget-container\">\n\t\t\t\t\t\t\t\t\t<h1 style=\"text-align: center;\"><span style=\"color: #00ff00;\"><strong>R\u00e8glement de P\u00eache<\/strong><\/span><\/h1><p style=\"text-align: center;\"><span style=\"color: #00ff00;\"><strong><span style=\"color: #ff0000;\">Article 1 :<\/span><\/strong><\/span><\/p><p style=\"text-align: center;\"><span style=\"color: #00ff00;\">Effectuez votre p\u00eache uniquement sur les postes pr\u00e9vus \u00e0 cet effet, directement devant vous (d\u00e9limit\u00e9s par des rep\u00e8res sur les berges). Chaque poste est destin\u00e9 \u00e0 un p\u00eacheur et doit \u00eatre pr\u00e9alablement r\u00e9serv\u00e9. P\u00eachez exclusivement sur le poste que vous avez r\u00e9serv\u00e9 ; il est interdit de p\u00eacher depuis un autre poste. Surveillez constamment vos cannes ;<\/span><br \/><span style=\"text-decoration: underline; color: #00ff00;\"><strong>Sont autoris\u00e9s : 2 cannes par p\u00eacheur et le bateau amorceur.<br \/><br \/><\/strong><\/span><span style=\"color: #00ff00;\"><strong><span style=\"color: #ff0000;\">Article 2 :<\/span><\/strong><\/span><span style=\"text-decoration: underline; color: #00ff00;\"><strong><span style=\"color: #ff0000;\"><br \/><\/span><\/strong><\/span><span style=\"color: #00ff00;\">APP\u00c2TS ET AMOR\u00c7AGE :<br \/>Sont autoris\u00e9s sur le site : bouillettes, pellets et ma\u00efs doux.<br \/><\/span><span style=\"color: #00ff00;\">Vous trouverez sur place notre gamme d&rsquo;app\u00e2ts CARPE19.<br \/><\/span><span style=\"color: #00ff00;\">\u00a0<span style=\"text-align: start; background-color: rgba(0, 0, 0, 0);\">Les heures d\u2019arriv\u00e9e sur le site sont fix\u00e9es \u00e0 <\/span><strong style=\"text-align: start; background-color: rgba(0, 0, 0, 0);\" data-start=\"113\" data-end=\"121\">11 h<\/strong><span style=\"text-align: start; background-color: rgba(0, 0, 0, 0);\">, et les d\u00e9parts \u00e0 <\/span><strong style=\"text-align: start; background-color: rgba(0, 0, 0, 0);\" data-start=\"140\" data-end=\"148\">10 h<\/strong><span style=\"text-align: start; background-color: rgba(0, 0, 0, 0);\">. Toutefois, vous avez la possibilit\u00e9 de fixer vos heures d\u2019arriv\u00e9e et de d\u00e9part lors de la r\u00e9servation (selon la saison et les r\u00e9servations en cours).<br \/><\/span><\/span><span style=\"color: #00ff00;\">Pour les r\u00e9servations de <strong data-start=\"326\" data-end=\"347\">48 heures ou plus<\/strong>, un acompte de <strong data-start=\"363\" data-end=\"371\">50 %<\/strong> du montant total du s\u00e9jour est demand\u00e9 pour valider votre r\u00e9servation.<br \/><\/span><span style=\"color: #00ff00;\">Les r\u00e9servations se font par<span style=\"color: #3366ff;\"><strong data-start=\"469\" data-end=\"486\"> t\u00e9l\u00e9phone<\/strong><\/span>\u00a0; un lien bancaire vous sera envoy\u00e9 pour effectuer le paiement.<br \/><\/span><span style=\"color: #00ff00;\">Pour les p\u00eaches \u00e0 la journ\u00e9e et les s\u00e9jours de 24 heures, le paiement s\u2019effectue sur <span style=\"color: #3366ff;\"><strong data-start=\"633\" data-end=\"646\">place<\/strong><\/span>, en esp\u00e8ces ou via le lien bancaire.<br \/><\/span><span style=\"color: #00ff00;\">Pour les s\u00e9jours de 48 heures ou plus, le solde est \u00e0 r\u00e9gler sur place, de la m\u00eame mani\u00e8re, <span style=\"color: #ff0000;\"><strong data-start=\"777\" data-end=\"800\">en d\u00e9but de session<\/strong>.<\/span><br \/><\/span><span style=\"color: #00ff00;\">En cas de d\u00e9part anticip\u00e9 ou d\u2019annulation (sauf raison de sant\u00e9 avec justificatif), <strong data-start=\"887\" data-end=\"927\"><span style=\"color: #ff0000;\">aucun<\/span> <span style=\"color: #ff0000;\">remboursement ne sera effectu\u00e9<\/span><\/strong>.<br \/><\/span><span style=\"color: #00ff00;\">Avant de vous rendre sur le poste<br \/><\/span><span style=\"color: #00ff00;\">que vous avez r\u00e9serv\u00e9, merci de contacter <span style=\"color: #3366ff;\"><strong data-start=\"110\" data-end=\"121\">Sylvain<\/strong><\/span>, qui se fera un plaisir de vous rejoindre sur le parking de Carpe19.<\/span><\/p><p style=\"text-align: center;\"><span style=\"color: #00ff00;\"><strong><span style=\"color: #ff0000;\">Article 3 :<br \/><\/span><\/strong><\/span><span style=\"color: #00ff00;\">Utilisez un corps de ligne en nylon ne d\u00e9passant pas 40 centi\u00e8mes, <span style=\"color: #ff0000;\">Tresse interdite, moulinet et bas de ligne<span style=\"text-decoration: underline;\"><strong data-start=\"115\" data-end=\"157\">\u00a0<\/strong><\/span><\/span>. Sur votre ligne, nous vous demandons d\u2019installer un tube silicone exemple: <span style=\"color: #ff0000;\"><em data-start=\"233\" data-end=\"243\">Rig Tube<\/em><\/span> ou<span style=\"color: #ff0000;\"> <em data-start=\"247\" data-end=\"260\">Dark Matter<\/em><\/span>, pour garantir la s\u00e9curit\u00e9 du poisson.<br \/><\/span><span style=\"color: #00ff00;\">L\u2019utilisation de <span style=\"text-decoration: underline;\"><strong data-start=\"318\" data-end=\"356\">Leadcore est strictement interdite<\/strong><\/span>, <span style=\"color: #ff0000;\">sous peine d\u2019exclusion<\/span>.<br \/><\/span><span style=\"color: #00ff00;\">Utilisez des hame\u00e7ons de taille n\u00b04 maximum. Employez obligatoirement des hame\u00e7ons sans ardillon <span style=\"color: #ff0000;\"><span style=\"color: #00ff00;\">(<\/span>m\u00eame \u00e9cras\u00e9<span style=\"color: #00ff00;\">).<\/span><\/span><br \/><\/span><\/p><p style=\"text-align: center;\"><span style=\"color: #00ff00;\"><strong><span style=\"color: #ff0000;\">Article 4 :<\/span><br \/><\/strong><\/span><\/p><p style=\"text-align: center;\" data-start=\"68\" data-end=\"313\"><span style=\"color: #00ff00;\">Sur chaque poste, nous fournissons une \u00e9puisette, un matelas de r\u00e9ception, un sac de rel\u00e2che et de pes\u00e9e, un tr\u00e9pied ainsi qu\u2019un peson, afin de garantir la pr\u00e9servation et le bien-\u00eatre du poisson. L\u2019utilisation d\u2019un d\u00e9sinfectant est obligatoire.<\/span><\/p><p style=\"text-align: center;\" data-start=\"315\" data-end=\"712\"><span style=\"color: #00ff00;\">Manipulez les poissons avec pr\u00e9caution : les carpes doivent imp\u00e9rativement \u00eatre d\u00e9croch\u00e9es dans l\u2019\u00e9puisette. Faites glisser le sac de pes\u00e9e sous l\u2019\u00e9puisette pour sortir la carpe de l\u2019eau. Ne portez jamais une carpe \u00e0 hauteur d\u2019homme. Prenez les photos \u00e0 genoux, au-dessus du tapis de r\u00e9ception, puis rel\u00e2chez le poisson imm\u00e9diatement apr\u00e8s la capture ou la photo (ne mettez aucun poisson en sac).<\/span><\/p><p style=\"text-align: center;\" data-start=\"714\" data-end=\"780\"><span style=\"color: #00ff00;\">Emportez vos d\u00e9chets ; ne laissez aucun sac ni d\u00e9tritus sur place.<\/span><\/p><p style=\"text-align: center;\"><span style=\"color: #00ff00;\">\u00a0<\/span><span style=\"color: #00ff00;\"><strong><span style=\"color: #ff0000;\">Article 5 :<\/span><br \/><\/strong> Respectez les lieux (postes, mat\u00e9riels et v\u00e9g\u00e9tation).<br \/><\/span><span style=\"color: #00ff00;\"><span style=\"text-decoration: underline; color: #ff0000;\"><strong>Apr\u00e8s votre installation, n&rsquo;utilisez plus votre v\u00e9hicule.<\/strong><\/span><br \/>\u00a0Ne stationnez aucun v\u00e9hicule sur les postes ; utilisez le parking pr\u00e9vu \u00e0 l\u2019entr\u00e9e<br \/><\/span><span style=\"text-decoration: underline; color: #00ff00;\"><strong>Carpe19 <br \/><\/strong><\/span><span style=\"color: #00ff00;\"><strong>accepte la pr\u00e9sence d\u2019animaux sur le site de p\u00eache. Par respect pour les autres p\u00eacheurs, merci de laisser vos animaux attach\u00e9s et de vous munir de sacs \u00e0 d\u00e9jections afin de maintenir votre emplacement propre pour le p\u00eacheur suivant<\/strong>\u00a0<strong><br \/><\/strong><\/span><\/p><p style=\"text-align: center;\"><span style=\"color: #ff0000;\"><strong>Article 6 :<\/strong> <\/span><br \/><span style=\"color: #00ff00;\">Ne vous aventurez pas dans l\u2019eau.<\/span><span style=\"color: #00ff00;\"> P\u00eachez uniquement la carpe ; n&rsquo;utilisez pas de vifs, de cuill\u00e8res ou d\u2019autres leurres.<\/span><span style=\"color: #00ff00;\"> Minimisez les nuisances sonores (hurlements, d\u00e9tecteurs, etc.) pour le respect de tous. <br \/>N\u2019utilisez pas de jeux de ballon, de p\u00e9tanque ou autres. Limitez les visiteurs \u00e0 deux par p\u00eacheur et assurez-vous qu\u2019ils quittent le plan d\u2019eau avant 22 heures pour la tranquillit\u00e9 de chacun.<\/span><\/p><p style=\"text-align: center;\"><span style=\"color: #00ff00;\"><strong>Tout manquement au r\u00e8glement entra\u00eenera une exclusion sans remboursement.<\/strong><\/span><\/p><p style=\"text-align: center;\"><span style=\"color: #00ff00;\"><strong>Sylvain vous souhaite un agr\u00e9able s\u00e9jour \u00e0 Carpe19 de l\u2019\u00e9tang cach\u00e9.<\/strong><\/span><\/p><p style=\"text-align: center;\"><span style=\"color: #00ff00;\"><strong>\u00a0<\/strong><\/span><\/p><p><strong><span style=\"color: #000000;\"><!-- \/wp:paragraph --><\/span><\/strong><\/p>\t\t\t\t\t\t\t\t<\/div>\n\t\t\t\t<\/div>\n\t\t\t\t\t<\/div>\n\t\t\t\t<\/div>\n\t\t\t\t<\/div>\n\t\t","protected":false},"excerpt":{"rendered":"<p>R\u00e8glement de P\u00eache Article 1 : Effectuez votre p\u00eache uniquement sur les postes pr\u00e9vus \u00e0 cet effet, directement devant vous (d\u00e9limit\u00e9s par des rep\u00e8res sur les berges). Chaque poste est destin\u00e9 \u00e0 un p\u00eacheur et doit \u00eatre pr\u00e9alablement r\u00e9serv\u00e9. P\u00eachez exclusivement sur le poste que vous avez r\u00e9serv\u00e9 ; il est interdit de p\u00eacher depuis&#8230;<\/p>\n","protected":false},"author":1,"featured_media":0,"parent":0,"menu_order":0,"comment_status":"closed","ping_status":"closed","template":"","meta":{"_kad_post_transparent":"","_kad_post_title":"","_kad_post_layout":"","_kad_post_sidebar_id":"","_kad_post_content_style":"","_kad_post_vertical_padding":"","_kad_post_feature":"","_kad_post_feature_position":"","_kad_post_header":false,"_kad_post_footer":false,"_kad_post_classname":"","footnotes":""},"class_list":["post-45","page","type-page","status-publish","hentry"],"yoast_head":"<!-- This site is optimized with the Yoast SEO plugin v27.4 - https:\/\/yoast.com\/product\/yoast-seo-wordpress\/ -->\n<title>R\u00e8glement de P\u00eache de carpe19<\/title>\n<meta name=\"description\" content=\"R\u00e8glement de P\u00eache de carpe19 Effectuez votre p\u00eache uniquement sur les postes pr\u00e9vus \u00e0 cet effet, directement devant vous\" \/>\n<meta name=\"robots\" content=\"index, follow, max-snippet:-1, max-image-preview:large, max-video-preview:-1\" \/>\n<link rel=\"canonical\" href=\"https:\/\/carpe19.com\/index.php\/reglement-de-peche\/\" \/>\n<meta property=\"og:locale\" content=\"fr_FR\" \/>\n<meta property=\"og:type\" content=\"article\" \/>\n<meta property=\"og:title\" content=\"R\u00e8glement de P\u00eache de carpe19\" \/>\n<meta property=\"og:description\" content=\"R\u00e8glement de P\u00eache de carpe19 Effectuez votre p\u00eache uniquement sur les postes pr\u00e9vus \u00e0 cet effet, directement devant vous\" \/>\n<meta property=\"og:url\" content=\"https:\/\/carpe19.com\/index.php\/reglement-de-peche\/\" \/>\n<meta property=\"og:site_name\" content=\"Carpe19\" \/>\n<meta property=\"article:modified_time\" content=\"2025-12-15T09:38:51+00:00\" \/>\n<meta name=\"twitter:card\" content=\"summary_large_image\" \/>\n<meta name=\"twitter:label1\" content=\"Dur\u00e9e de lecture estim\u00e9e\" \/>\n\t<meta name=\"twitter:data1\" content=\"4 minutes\" \/>\n<script type=\"application\/ld+json\" class=\"yoast-schema-graph\">{\"@context\":\"https:\\\/\\\/schema.org\",\"@graph\":[{\"@type\":\"WebPage\",\"@id\":\"https:\\\/\\\/carpe19.com\\\/index.php\\\/reglement-de-peche\\\/\",\"url\":\"https:\\\/\\\/carpe19.com\\\/index.php\\\/reglement-de-peche\\\/\",\"name\":\"R\u00e8glement de P\u00eache de carpe19\",\"isPartOf\":{\"@id\":\"https:\\\/\\\/carpe19.com\\\/#website\"},\"datePublished\":\"2024-04-20T12:30:24+00:00\",\"dateModified\":\"2025-12-15T09:38:51+00:00\",\"description\":\"R\u00e8glement de P\u00eache de carpe19 Effectuez votre p\u00eache uniquement sur les postes pr\u00e9vus \u00e0 cet effet, directement devant vous\",\"breadcrumb\":{\"@id\":\"https:\\\/\\\/carpe19.com\\\/index.php\\\/reglement-de-peche\\\/#breadcrumb\"},\"inLanguage\":\"fr-FR\",\"potentialAction\":[{\"@type\":\"ReadAction\",\"target\":[\"https:\\\/\\\/carpe19.com\\\/index.php\\\/reglement-de-peche\\\/\"]}]},{\"@type\":\"BreadcrumbList\",\"@id\":\"https:\\\/\\\/carpe19.com\\\/index.php\\\/reglement-de-peche\\\/#breadcrumb\",\"itemListElement\":[{\"@type\":\"ListItem\",\"position\":1,\"name\":\"Accueil\",\"item\":\"https:\\\/\\\/carpe19.com\\\/\"},{\"@type\":\"ListItem\",\"position\":2,\"name\":\"R\u00e8glement de P\u00eache\"}]},{\"@type\":\"WebSite\",\"@id\":\"https:\\\/\\\/carpe19.com\\\/#website\",\"url\":\"https:\\\/\\\/carpe19.com\\\/\",\"name\":\"Carpe19\",\"description\":\"\",\"publisher\":{\"@id\":\"https:\\\/\\\/carpe19.com\\\/#organization\"},\"potentialAction\":[{\"@type\":\"SearchAction\",\"target\":{\"@type\":\"EntryPoint\",\"urlTemplate\":\"https:\\\/\\\/carpe19.com\\\/?s={search_term_string}\"},\"query-input\":{\"@type\":\"PropertyValueSpecification\",\"valueRequired\":true,\"valueName\":\"search_term_string\"}}],\"inLanguage\":\"fr-FR\"},{\"@type\":\"Organization\",\"@id\":\"https:\\\/\\\/carpe19.com\\\/#organization\",\"name\":\"Carpe19\",\"url\":\"https:\\\/\\\/carpe19.com\\\/\",\"logo\":{\"@type\":\"ImageObject\",\"inLanguage\":\"fr-FR\",\"@id\":\"https:\\\/\\\/carpe19.com\\\/#\\\/schema\\\/logo\\\/image\\\/\",\"url\":\"https:\\\/\\\/i0.wp.com\\\/carpe19.com\\\/wp-content\\\/uploads\\\/2024\\\/05\\\/cropped-cropped-Capture-decran-2024-04-19-225015-1.png?fit=759%2C192&ssl=1\",\"contentUrl\":\"https:\\\/\\\/i0.wp.com\\\/carpe19.com\\\/wp-content\\\/uploads\\\/2024\\\/05\\\/cropped-cropped-Capture-decran-2024-04-19-225015-1.png?fit=759%2C192&ssl=1\",\"width\":759,\"height\":192,\"caption\":\"Carpe19\"},\"image\":{\"@id\":\"https:\\\/\\\/carpe19.com\\\/#\\\/schema\\\/logo\\\/image\\\/\"}}]}<\/script>\n<!-- \/ Yoast SEO plugin. -->","yoast_head_json":{"title":"R\u00e8glement de P\u00eache de carpe19","description":"R\u00e8glement de P\u00eache de carpe19 Effectuez votre p\u00eache uniquement sur les postes pr\u00e9vus \u00e0 cet effet, directement devant vous","robots":{"index":"index","follow":"follow","max-snippet":"max-snippet:-1","max-image-preview":"max-image-preview:large","max-video-preview":"max-video-preview:-1"},"canonical":"https:\/\/carpe19.com\/index.php\/reglement-de-peche\/","og_locale":"fr_FR","og_type":"article","og_title":"R\u00e8glement de P\u00eache de carpe19","og_description":"R\u00e8glement de P\u00eache de carpe19 Effectuez votre p\u00eache uniquement sur les postes pr\u00e9vus \u00e0 cet effet, directement devant vous","og_url":"https:\/\/carpe19.com\/index.php\/reglement-de-peche\/","og_site_name":"Carpe19","article_modified_time":"2025-12-15T09:38:51+00:00","twitter_card":"summary_large_image","twitter_misc":{"Dur\u00e9e de lecture estim\u00e9e":"4 minutes"},"schema":{"@context":"https:\/\/schema.org","@graph":[{"@type":"WebPage","@id":"https:\/\/carpe19.com\/index.php\/reglement-de-peche\/","url":"https:\/\/carpe19.com\/index.php\/reglement-de-peche\/","name":"R\u00e8glement de P\u00eache de carpe19","isPartOf":{"@id":"https:\/\/carpe19.com\/#website"},"datePublished":"2024-04-20T12:30:24+00:00","dateModified":"2025-12-15T09:38:51+00:00","description":"R\u00e8glement de P\u00eache de carpe19 Effectuez votre p\u00eache uniquement sur les postes pr\u00e9vus \u00e0 cet effet, directement devant vous","breadcrumb":{"@id":"https:\/\/carpe19.com\/index.php\/reglement-de-peche\/#breadcrumb"},"inLanguage":"fr-FR","potentialAction":[{"@type":"ReadAction","target":["https:\/\/carpe19.com\/index.php\/reglement-de-peche\/"]}]},{"@type":"BreadcrumbList","@id":"https:\/\/carpe19.com\/index.php\/reglement-de-peche\/#breadcrumb","itemListElement":[{"@type":"ListItem","position":1,"name":"Accueil","item":"https:\/\/carpe19.com\/"},{"@type":"ListItem","position":2,"name":"R\u00e8glement de P\u00eache"}]},{"@type":"WebSite","@id":"https:\/\/carpe19.com\/#website","url":"https:\/\/carpe19.com\/","name":"Carpe19","description":"","publisher":{"@id":"https:\/\/carpe19.com\/#organization"},"potentialAction":[{"@type":"SearchAction","target":{"@type":"EntryPoint","urlTemplate":"https:\/\/carpe19.com\/?s={search_term_string}"},"query-input":{"@type":"PropertyValueSpecification","valueRequired":true,"valueName":"search_term_string"}}],"inLanguage":"fr-FR"},{"@type":"Organization","@id":"https:\/\/carpe19.com\/#organization","name":"Carpe19","url":"https:\/\/carpe19.com\/","logo":{"@type":"ImageObject","inLanguage":"fr-FR","@id":"https:\/\/carpe19.com\/#\/schema\/logo\/image\/","url":"https:\/\/i0.wp.com\/carpe19.com\/wp-content\/uploads\/2024\/05\/cropped-cropped-Capture-decran-2024-04-19-225015-1.png?fit=759%2C192&ssl=1","contentUrl":"https:\/\/i0.wp.com\/carpe19.com\/wp-content\/uploads\/2024\/05\/cropped-cropped-Capture-decran-2024-04-19-225015-1.png?fit=759%2C192&ssl=1","width":759,"height":192,"caption":"Carpe19"},"image":{"@id":"https:\/\/carpe19.com\/#\/schema\/logo\/image\/"}}]}},"jetpack_sharing_enabled":true,"_links":{"self":[{"href":"https:\/\/carpe19.com\/index.php\/wp-json\/wp\/v2\/pages\/45","targetHints":{"allow":["GET"]}}],"collection":[{"href":"https:\/\/carpe19.com\/index.php\/wp-json\/wp\/v2\/pages"}],"about":[{"href":"https:\/\/carpe19.com\/index.php\/wp-json\/wp\/v2\/types\/page"}],"author":[{"embeddable":true,"href":"https:\/\/carpe19.com\/index.php\/wp-json\/wp\/v2\/users\/1"}],"replies":[{"embeddable":true,"href":"https:\/\/carpe19.com\/index.php\/wp-json\/wp\/v2\/comments?post=45"}],"version-history":[{"count":105,"href":"https:\/\/carpe19.com\/index.php\/wp-json\/wp\/v2\/pages\/45\/revisions"}],"predecessor-version":[{"id":1540,"href":"https:\/\/carpe19.com\/index.php\/wp-json\/wp\/v2\/pages\/45\/revisions\/1540"}],"wp:attachment":[{"href":"https:\/\/carpe19.com\/index.php\/wp-json\/wp\/v2\/media?parent=45"}],"curies":[{"name":"wp","href":"https:\/\/api.w.org\/{rel}","templated":true}]}}